*i + 2*v + 18. Calculate the remainder when 93 is divided by i.
3
Suppose 133*l = 141*l - 216. Suppose -l*b + 1380 = -21*b. Calculate the remainder when b is divided by 11.
10
Let f be 330 + 7/((-49)/14). Let d = f + -142. What is the remainder when d is divided by 47?
45
Let u be 48/20*(180/(-2) + 5). Let m = u + 409. Calculate the remainder when m is divided by 13.
10
Suppose 5*x = 6*x + 4*p - 957, -5*x - 5*p + 4740 = 0. Calculate the remainder when x is divided by 19.
14
Suppose 0 = -2*f - 42 + 106. Let o(v) = 4*v**3 + 26*v**2 - 9*v - 16. Let n be o(-7). What is the remainder when (n - -74)/(1/11) is divided by f?
29
Let l(u) be the third derivative of -5*u**4/12 + 12*u**3 - 27*u**2. What is the remainder when 45 is divided by l(6)?
9
Let f = 1751 - 1726. What is the remainder when f is divided by 7?
4
What is the remainder when (-2250)/(-360) + 5/(-4) - -327*5 is divided by 95?
25
Suppose -2*n = -18*n + 704. What is the remainder when 141 is divided by n/7 - (-4)/(-14)?
3
What is the remainder when (-67365)/190*-2 + 4/304*-8 is divided by 119?
114
What is the remainder when -78*(3784/(-132))/(-2 - -6) is divided by 17?
15
Let h = 11744 - 11723. Let z(r) be the third derivative of -r**6/120 - r**5/10 + r**4/4 + r**3/6 - 2*r**2. What is the remainder when h is divided by z(-7)?
5
Suppose -2*l = -2*n + 40, 3*l = -2*n - n + 36. Let o(c) be the first derivative of -31*c**2/2 - c - 4. What is the remainder when o(-2) is divided by n?
13
Suppose -3*z + 369 - 108 = 0. Calculate the remainder when 64 is divided by 303/27 + z/(-27) + 3.
9
Suppose 345 = -32*k + 36*k - c, -3*c - 185 = -2*k. Calculate the remainder when k is divided by 58.
27
What is the remainder when 1384 is divided by (4 - 390/(-25))/(13 - 504/40)?
12
Let z(s) = -9*s - 322. Let y be z(-33). Let g = y - -38. Calculate the remainder when 16 is divided by g.
3
Let v(c) = 10*c - 58. Let m be v(19). Suppose -3*n = -0*n - m. Suppose -3*f - n = -h + 33, f - 433 = -5*h. Calculate the remainder when h is divided by 29.
28
Suppose v - 380 = 2*n, 0 = 3*v - 47*n + 46*n - 1155. Suppose -2*q - r = -84, 0 = -2*q + 7*q + 2*r - 211. Calculate the remainder when v is divided by q.
42
Suppose -a + 7 = -8. Calculate the remainder when (-77 - -7)*(2 - 65/25) is divided by a.
12
Let l = 325 - 179. Suppose 3*w - 5*w = 0. Suppose w = -2*p + 29 + 45. What is the remainder when l is divided by p?
35
Let a = 929 - 446. Let c(x) = 1398*x - 37702. Calculate the remainder when a is divided by c(27).
43
Let j be (-20)/(-4) + (0 - 4). Let b = -33 - -59. Calculate the remainder when b is divided by (8 - 24/4) + 13*j.
11
Suppose 2*x + 8 = 0, -3*g + 4*x = -170554 + 70314. What is the remainder when g is divided by 111?
108
Suppose -51 = -3*c + 2*p, -5*c + 110 = 21*p - 16*p. Calculate the remainder when 132*((-1 - -2) + 0) is divided by c.
18
Let x(q) = 2*q**3 - 2*q**2 + 2*q + 2. Suppose -279*n - 15410 + 25589 = -49806. Calculate the remainder when n is divided by x(3).
39
Let d be 6425/75 - 5/3. Calculate the remainder when 168 is divided by 33/2*224/d.
36
Suppose -p - 2 = -2*g + 2, -5*p + 20 = -2*g. Let c(t) = 20*t - 18. Let w be c(4). Suppose 595 = 13*l + w. Calculate the remainder when l is divided by p.
5
Let q(g) = 48*g**2 + 113*g - 566. Calculate the remainder when q(5) is divided by 98.
23
Suppose a - 2*a + q + 1 = 0, -4*q = 5*a + 4. Let d(h) be the first derivative of -h**3/3 + 13*h + 11. What is the remainder when d(a) is divided by 5?
3
What is the remainder when (30/4)/((-148)/(-80512)) is divided by 13?
11
Suppose -4*h = j, 0 = -2*j + h - 2*h + 7. Let c = 23 - j. Suppose 83 = 4*w - 5*k, 2*k - 60 = -5*w + c. Calculate the remainder when w is divided by 5.
2
Let a = 422 - 391. What is the remainder when a is divided by 28?
3
Suppose 15*b = 14*b + a + 3, 2*b - 3 = -a. Suppose 2*g + 3*g = 75. Suppose 0 = b*f - g - 23. What is the remainder when 55 is divided by f?
17
Calculate the remainder when -3*(-8)/6 + (-736848)/(-272) is divided by 34.
27
What is the remainder when 1274 - 38/(-133)*(-14)/12*-3 is divided by 56?
43
Suppose 8 = b + b, -3*b = -5*p + 408. Suppose 3*w - p = -w. Calculate the remainder when (164/6)/(((-96)/36)/(-4)) is divided by w.
20
Let a(z) = -z + 49. Let q = -295 - -303. What is the remainder when 41 is divided by a(q)?
0
What is the remainder when (269699/1981)/(2/14) is divided by 105?
8
Suppose 0*m - 2 = -3*s + 5*m, -s + 14 = 5*m. Suppose -6*c + s*c + 8 = 0. Suppose 0 = 8*d - c*d - 52. Calculate the remainder when 63 is divided by d.
11
Let n = 9332 - 9317. What is the remainder when 1000 is divided by n?
10
Let r(k) be the first derivative of -k**2/2 + 32*k + 64. What is the remainder when r(3) is divided by 11?
7
Suppose -m - v = -444, 5*v - 158 = -m + 286. Calculate the remainder when 890 is divided by m.
2
Suppose 4*b + 9*b - 10072 = 22376. Calculate the remainder when b is divided by 41.
36
Suppose -2*c - v + 115 = -c, -5*v = c - 127. Calculate the remainder when 66 is divided by 7/6*(-64)/c*-18.
6
Suppose -2*x - 4 = -10. Suppose o - 140 = -x*o. Suppose 66 = 6*r - 48. What is the remainder when o is divided by r?
16
Let z(t) = 56*t + 4317. Suppose 4*l + 5 = -l - 5*x, 5*l + 4*x + 7 = 0. What is the remainder when l*1*20/(-6) is divided by z(-77)?
0
Let m(g) = g**3 + 8*g**2 + 7. Let o = -188 - -197. Suppose o*h = 514 - 37. What is the remainder when h is divided by m(-8)?
4
Suppose 207*y - 198*y = 18. Suppose -w + p = -160, y*w - 4*w + 3*p + 322 = 0. What is the remainder when w is divided by 16/10*25/2?
18
Suppose 200394 = 156*t - 37974. Calculate the remainder when t is divided by 221.
202
Let q = -17045 - -18827. Calculate the remainder when 3575 is divided by q.
11
Suppose -10*s + 14848 = -39*s. Let l = -493 - s. What is the remainder when 625 is divided by l?
17
Calculate the remainder when 1306 is divided by 48/(-10)*10*(-4)/16.
10
Let m = -58 + 53. Let d(q) = q**3 + 3*q**2 + 4*q - 12. Let b be d(m). What is the remainder when (4 + (-5)/1 - 0)*b is divided by 17?
14
Let r(n) = 5*n**2 - 121*n + 750. Calculate the remainder when 231 is divided by r(7).
83
Let h be (-51455)/(-41) + 4*1. Suppose -12*u + h = 227. Suppose 29 = -3*t + 4*t. What is the remainder when u is divided by t?
28
Suppose o - 34 = w, 11*o + 4*w - 134 = 6*o. Let y = 114 + -107. Let h(i) = -i**3 + 9*i**2 - 2*i + 4. Calculate the remainder when h(y) is divided by o.
28
Let v(i) = -97*i + 2486. Calculate the remainder when 1095 is divided by v(24).
147
Suppose -n + 392 = 2*i - 5*n, 0 = -3*i + n + 603. Calculate the remainder when 3 - (-4)/(7 + 1)*i is divided by 18.
14
Let n(l) = -l**3 + 8*l**2 - 9*l + 9. Let m be n(7). Suppose -4*y = 3*d - 30, 3*y + 0*d - 26 = -4*d. Calculate the remainder when m/(-4)*(y + 6) is divided by 9.
6
Suppose 20 = -2*h + 48. Suppose 5*b + 0*b = 175. Calculate the remainder when b is divided by 5*(-4)/20 + h.
9
Let k = 34 + -31. Suppose -h - 207 = -5*s, h = 4*s - 163 - k. What is the remainder when 143 is divided by s?
20
Let s = 1 + 14. Let x = -77 + 79. What is the remainder when (x + (-2)/3*-1)*21 is divided by s?
11
Let v(z) = 3*z - 7. Let n(l) = -l**3 - 19*l**2 + 17*l - 14. Let d = 182 + -202. Calculate the remainder when n(d) is divided by v(5).
6
Let z be (152/20 + -8)/(6/(-3585)). Let u = -162 + z. Calculate the remainder when u is divided by 6.
5
What is the remainder when 1838 is divided by (1596/924)/(2/22)?
14
Let i(v) = -4*v**3 - 3*v + 4. Let q be i(1). Calculate the remainder when 42 is divided by (5 - 20)/(2 + q).
12
Suppose -16*g - 5932 = 564. What is the remainder when 278 is divided by g/(-10) - 42/70?
38
Let r be -5*(-1)/(125/20 + -5). Suppose i - 81 = -5*c - 0*i, r*i = -5*c + 84. Calculate the remainder when 55 is divided by c.
7
Suppose -20 = -2*d - 54. Let y = 33 + d. What is the remainder when y is divided by (2 - -4) + -1 - 1*2?
1
Suppose 4*t - 63 = -3*b, 275*b = 280*b + 3*t - 94. What is the remainder when 149 is divided by b?
13
Let t = -340 - -128. Let n = -137 - t. Calculate the remainder when n is divided by 39.
36
Suppose 31*q - 248 = h + 33*q, -4*h - 1017 = 3*q. Let b = -225 - h. What is the remainder when 61 is divided by b?
28
Suppose 0 = -i + 3*m + 18, -6*i - 5*m = -2*i + 13. Suppose -12*c = -15*c + 3*j + 81, -i*c - 5*j = -105. What is the remainde